0)?
5
Suppose -m + 5*s + 1125 = 0, -11*m = -15*m + 5*s + 4575. What is the tens digit of m?
5
Let t(w) = 4*w**2 - 3*w - 3. Let p be t(4). Let l = 28 + -29. What is the units digit of l + p/1 - 1?
7
Let l(v) = 3*v**2 + 7*v + 8. Let p be (5/(-5))/((-2)/(-10)). Let q be l(p). What is the tens digit of (212/6)/(32/q)?
5
Let q(o) = 4*o**3 + 7*o**2 + 3*o - 22. Let c(y) = y**3 - y**2. Let s(t) = 3*c(t) - q(t). What is the units digit of s(-10)?
2
Let r(u) be the first derivative of u**6/60 - u**5/40 - u**4/6 + 4*u**3 + 5. Let z(a) be the third derivative of r(a). What is the units digit of z(-3)?
9
Let p(t) = 37*t - 8. Let j be p(4). Let u = -83 + j. What is the tens digit of u?
5
Let y(b) = b**2 + 5*b - 1. Let x be y(-5). Let t = 2 + x. Suppose h = -0*h + t. What is the units digit of h?
1
Let b(j) = 31*j + 6. Let y be b(10). Suppose 344 = 2*p + 5*z, -2*p + 2*z + y = -0*z. What is the units digit of p?
2
Let v be (0 - 10)*1/(-2). Suppose 3*p - 189 = v*w, -w - 244 - 71 = -5*p. What is the tens digit of p?
6
Suppose 30*z - 22836 = -14*z. What is the tens digit of z?
1
Let o be (2/(-10))/((-2)/20). What is the hundreds digit of 2 - (o + -15)*13?
1
Let m(b) = -3*b - 23. Let p be m(-10). Suppose f - 3*u + p*u = 40, -5*f - u + 200 = 0. Suppose -4*c + f = -32. What is the tens digit of c?
1
Let a = 672 - 399. What is the hundreds digit of a?
2
Let g(t) = 416*t + 76. What is the tens digit of g(7)?
8
Let d = 3413 - 1102. What is the thousands digit of d?
2
Suppose 19*t = 11*t + 7312. What is the tens digit of t?
1
Let h(k) = k**3 - 2*k**2 - 7*k - 4. Let t be h(4). Suppose d - 10 + 0 = t. What is the units digit of d?
0
Let d(q) = 10*q**2 - 18*q - 72. What is the hundreds digit of d(12)?
1
Let z(b) = 6 + 2*b + 7 + 5*b - 6*b. Let a be z(-8). Suppose 0 = a*i - 87 - 68. What is the tens digit of i?
3
Suppose x - 76 = 4*z, 0 = -x + z + 69 + 4. Suppose 0 = -4*o + 2*o + x. What is the tens digit of o?
3
Let k = 987 + 88. What is the units digit of k?
5
What is the tens digit of 2/(-4)*(32 - 976)?
7
Suppose -s - 3*g = g - 5, -2*g = 2*s - 4. What is the tens digit of 164 + s - (-12)/(-3)?
6
Let d = -75 - -77. What is the units digit of (1*-1)/(107/54 - d)?
4
Let v(p) = -p**2 + 12*p + 2. Let g be 2/7 + (-6)/21. Suppose -4*l + 48 = -g*l. What is the units digit of v(l)?
2
Let u(s) = -10*s**3 + 4*s**2 - s - 11. Let z be u(-3). Suppose -3*h + 103 = -2*w - 181, 0 = -3*h - 5*w + z. What is the tens digit of h?
9
Let d(b) = 67*b + 1063. What is the units digit of d(39)?
6
Suppose w = -j + 4*w + 8, 0 = 5*w + 5. Suppose -3 = -j*g - 33. What is the tens digit of -1 - 2/(g/33)?
1
Let l(s) be the third derivative of -s**6/360 - 7*s**5/60 + s**3/6 - 2*s**2. Let v(b) be the first derivative of l(b). What is the tens digit of v(-13)?
1
Let z = -5 - 177. Let s = z + 340. What is the tens digit of s?
5
Suppose -8*u - h = -10*u + 760, 0 = -5*h + 20. What is the tens digit of u?
8
Let t(b) = -b**3 - 9*b**2 - 7*b + 11. Let h be t(-8). Suppose h*m - 46 = m. What is the tens digit of m?
2
Let d = 8 + -4. Let k(a) = d + 20*a - 3 - 2. What is the tens digit of k(1)?
1
Let f be (-20)/60*(-5 - 1). Suppose 4*u = 3*q - 248, f*q + 2*u - 111 - 45 = 0. What is the tens digit of q?
8
Let d(k) = -2*k**2 + 38*k - 19. Let h be d(17). Suppose z = 2*z - h. What is the tens digit of z?
4
Suppose 5*f + 2*k - 10 = -0*k, -3*f + 6 = -k. Suppose 11 = f*a - 7. What is the units digit of a?
9
Let w(n) be the third derivative of n**5/30 - 5*n**4/24 + n**3/3 + 3*n**2. What is the tens digit of w(5)?
2
Let f = -26 - -26. Suppose -3*h + 5*h - 182 = f. What is the units digit of h?
1
Suppose -21863 - 16885 = -12*c. What is the tens digit of c?
2
Suppose 52*s - 49192 = 9*s. What is the hundreds digit of s?
1
Let i(k) = 3*k + 1. Let l be i(-2). Let a = -1 - l. What is the units digit of a?
4
Let v = 1 - -3. Suppose -777 = -v*i - 73. What is the tens digit of i?
7
Suppose -18 = -3*g - 9. Suppose -3*j + 0 + g = 0. What is the tens digit of (-11 + j)/((-10)/15)?
1
Suppose -6 = 2*r, 0 = -7*t + 2*t - 3*r + 11876. What is the hundreds digit of t?
3
Suppose -18*b + 23*b - 3*z - 3566 = 0, 3*b = -4*z + 2128. What is the hundreds digit of b?
7
What is the units digit of 190*(3 - (0 - -2))?
0
Let y(q) = q**3 + 22*q**2 + 3*q + 33. What is the units digit of y(-13)?
5
Suppose 5*k + 2*n = 25, 2*k - n = -3*n + 10. Suppose 5*y - k*w - 260 = 0, -y = -0*y - 5*w - 52. What is the units digit of y?
2
Suppose 9 = -u - 89. Let p = u - -70. Let o = 14 - p. What is the units digit of o?
2
What is the thousands digit of 832464/126 + (-2)/(-14)?
6
Let b(t) = -2*t - 2. Let d be b(5). Let l = 381 + -315. What is the tens digit of (l/d)/(1/(-14))?
7
Let p be 1/2 - (504/16)/(-1). Let f = 189 + p. What is the units digit of f?
1
Let s(o) be the third derivative of 19*o**6/60 + o**4/12 - o**3/2 + 10*o**2. Let y be s(2). Suppose -y = -h - 4*h. What is the tens digit of h?
6
Let o = -67 + 17. Let w be 2/5 - 880/o. Suppose 5*p - w = -3*s, 5*s = -p - 0*p + 52. What is the units digit of s?
1
What is the hundreds digit of 942*(0 - 6 - (-351)/54)?
4
Let q(r) = r**2 + 2*r + 60. Let y be q(0). Let z = y - 40. What is the units digit of z?
0
Let j(c) = 132*c**2 + 10*c - 44. What is the tens digit of j(5)?
0
Suppose -n - 2 = 5. What is the hundreds digit of (-262)/(-1) + n/(-7)?
2
Let w = 119 + -84. Let n(c) = 6*c - 56. Let a be n(6). Let v = a + w. What is the units digit of v?
5
Suppose -297 = -43*u + 41*u + 5*i, -u + 3*i = -150. What is the hundreds digit of u?
1
Let g(y) = -y**3 + 11*y**2 - 12*y + 6. Let m be g(10). Let i = m + 40. Let p = i + 14. What is the units digit of p?
0
Let a(i) = 7*i**2 - 22*i + 262. What is the tens digit of a(21)?
8
What is the tens digit of ((-515)/25)/((-2)/230)?
6
Let z(w) = 5*w - 18. Let b(h) = -4*h. Let q be b(-1). Let u be z(q). Suppose -c + 2*c = -5*n + 90, -n + 3*c = -u. What is the tens digit of n?
1
Suppose -72 = 4*a - 0*a. Let r = 56 - 14. Let s = r + a. What is the units digit of s?
4
Let a(n) = n**3 + n + 0*n**2 - 7*n + 2 - 5*n**2. Let w be a(6). Let t(z) = 7*z**3 - z**2 - 5*z + 5. What is the tens digit of t(w)?
4
Let m = 20 - 18. Suppose m*u - 55 - 71 = 0. What is the tens digit of u?
6
Let u = 24 - 7. Let x be (30/(-3 + 1))/(-1). Suppose -16*f + u*f - x = 0. What is the tens digit of f?
1
Let n = 21 - 22. What is the units digit of n*(-4 - 116) + 1?
1
Let x(l) = -2*l + 12. Let o be x(12). Let t = 19 + o. What is the units digit of t?
7
What is the units digit of (-20458)/(-10) - 1 - 25/(-125)?
5
Let r be (5/(-5))/((1/(-3))/1). Suppose 2*f + 0*f = r*s + 97, 3*f - 3*s - 147 = 0. What is the tens digit of f?
5
Let c(d) = d**2 + 4*d - 25. Let g be c(-13). Let w = 160 - g. What is the units digit of w?
8
What is the units digit of 5*(-7)/((-175)/360)?
2
Suppose -5*l = 3*b - 2703, 5*l + 536 = 6*l - 4*b. What is the hundreds digit of l?
5
Let j(f) = 2*f**2 + 16*f - 19. Let h be j(-16). Suppose c = -0*c - 4*a + 62, -3*c + 5*a = -h. What is the units digit of c?
4
Let g be (285/171)/(1/15 - 0). Suppose -43 = 4*d + 45. Let f = d + g. What is the units digit of f?
3
Let p = 3100 + -1139. What is the units digit of p?
1
Suppose 2*n = 4*u + 20, n = -4*u - 6 - 2. What is the tens digit of 60 + (n - 8 - -4)?
6
Suppose 0 = 3*y - u + 5, -3*y - u - 10 = -3*u. Suppose -r - 3*g + 25 = 0, -4*r + y*g = 3*g - 55. What is the units digit of r?
0
Let u(y) = -8*y. Let c(m) = -8*m - 1. Let k(g) = -5*c(g) + 4*u(g). What is the tens digit of k(7)?
6
Let t(s) = s**2 + 8*s - 5. Let f be t(-9). Suppose 5*r = -f*n + 19, 3*n = 6*r - 4*r - 3. Suppose 0 = r*y + 3*y - 288. What is the units digit of y?
8
What is the hundreds digit of (-63)/42*706/(-1)?
0
What is the units digit of ((-45)/(-10))/(-9)*-6 - -281?
4
What is the tens digit of (-94)/(-6) + (-11 - (-37)/3)?
1
Let b = 17 + -15. Suppose z = -2*z + 9. Suppose z*i = -5*g - 61 + 213, -b*g - i + 61 = 0. What is the units digit of g?
1
Let p(b) = -b**2 - 13*b + 9. Let o be (-2 + 11)*(-15)/9. Let z = -27 - o. What is the units digit of p(z)?
1
Let g = -9 + 14. Let d be 2 + (g - 3) + -2. Suppose 25 - 9 = d*w. What is the units digit of w?
8
Let j(s) = 5*s**2 + 3*s - 9. Let b(i) = -14*i**2 - 8*i + 26. Let w(z) = 6*b(z) + 17*j(z). Let t be w(6). Let n = t - 33. What is the tens digit of n?
2
